)?
105
Let n(m) = -5*m - 49. Calculate n(-11).
6
Let j(d) = -d**3 - d - 7. Determine j(0).
-7
Let c(s) = -s**2 + 4*s + 72. Give c(0).
72
Let f(t) = t**2 - 5*t - 174. Calculate f(17).
30
Let x(t) = 4*t - 29. What is x(7)?
-1
Let b(k) = k**2 + 12*k + 13. Calculate b(-12).
13
Let x(w) = -w**3 + 20*w**2 - 18*w - 30. Give x(19).
-11
Let v(w) = -8*w. Give v(0).
0
Let l(g) = -7*g - 147. What is l(-22)?
7
Let o(p) = 2*p**2 - 9*p. Calculate o(5).
5
Let a(s) = -s**3 - 7*s**2 - 3*s + 8. Determine a(-6).
-10
Let n(b) = b**2 - 19*b - 15. Give n(19).
-15
Let s(i) = -3*i - 19. Give s(-4).
-7
Let b(n) = -5*n - 14. What is b(17)?
-99
Let f(r) = -2*r**2 - 2*r + 10. What is f(2)?
-2
Let i(x) = 2*x**2 + 16*x - 6. Determine i(-8).
-6
Let p(v) = 2*v - 23. Determine p(12).
1
Let k(a) = 7*a - 8. Give k(-5).
-43
Let a(p) = -p + 24. Determine a(7).
17
Let a(d) = 2*d + 13. What is a(7)?
27
Let x(k) = -11*k**2 + 5*k - 3. Calculate x(2).
-37
Let k(p) = -41*p + 1. Determine k(2).
-81
Let b(q) = q + 10. What is b(-6)?
4
Let d(r) = -r**2 - 13*r + 2. Determine d(-13).
2
Let z(c) = -4*c - 187. Give z(-48).
5
Let t(j) = 3*j - 1. Calculate t(2).
5
Let u(j) = 3*j + 21. What is u(9)?
48
Let d(u) = -2*u**3 - 15*u**2 - 22*u - 4. Give d(-4).
-28
Let w(x) = -2*x**2 + 17*x - 48. Give w(7).
-27
Let o(s) = -s**2 - 45*s - 255. Determine o(-38).
11
Let t(z) = -z**2 - 4*z + 5. What is t(-5)?
0
Let c(v) = 11*v**2 - 96*v - 20. What is c(9)?
7
Let a(o) = -2*o**3 - 6*o**2 - 11. Calculate a(-3).
-11
Let h(m) = -m**3 - 6*m. Give h(0).
0
Let w(m) = -3*m + 1. What is w(2)?
-5
Let s(t) = -t**3 - 7*t**2 + t + 24. Determine s(-6).
-18
Let t(y) = 2*y**3 - 7*y**2 + 6*y - 4. Calculate t(4).
36
Let y(g) = 4*g + 9. Calculate y(-12).
-39
Let h(c) = -2*c - 6. What is h(-3)?
0
Let d(a) = a**3 - 6*a**2 + 11*a - 8. Give d(5).
22
Let c(x) = x**3 - 17*x**2 - 12*x - 78. What is c(18)?
30
Let a(i) = -164*i - 494. Give a(-3).
-2
Let a(y) = y + 9. Calculate a(-9).
0
Let x(b) = 9*b - 14. Give x(3).
13
Let f(j) = -4*j**3 - 2*j**2 + j - 6. Determine f(-3).
81
Let j(s) = -3*s**3 - s**2 - 3*s + 46. Calculate j(0).
46
Let p(j) = -j**2 + 3*j - 4. Calculate p(5).
-14
Let h(c) = c**2 - 6*c + 16. What is h(0)?
16
Let z(o) = -6*o + 142. Give z(25).
-8
Let l(o) = -o**3 + 13*o**2 + 15*o - 8. Calculate l(14).
6
Let t(q) = -q**3 + 8*q**2 - 2*q - 3. Determine t(4).
53
Let h(s) = 4*s**3 - 5*s**2 + 6*s + 3. Calculate h(2).
27
Let h(g) = -68*g - 65. Calculate h(-1).
3
Let o(i) = 4*i**3 - 4*i**2 + 5*i - 2. What is o(3)?
85
Let g(q) = q**2 - 10*q - 6. Give g(12).
18
Let m(i) = -i**3 + 1. What is m(1)?
0
Let c(l) = 48*l**2. What is c(1)?
48
Let g(k) = 3*k - 28. Give g(15).
17
Let b(v) = -6*v - 58. What is b(-16)?
38
Let z(i) = -i**3 - 37*i**2 - 33*i + 111. Give z(-36).
3
Let z(m) = 38*m - 5. Calculate z(2).
71
Let x(u) = 2*u**2 - 12*u + 14. What is x(6)?
14
Let k(b) = -b**3 - 8*b**2 - 8*b - 2. Calculate k(-7).
5
Let n(i) = -i**3 - i**2 + i + 31. Determine n(0).
31
Let l(g) = 62*g - 458. Calculate l(7).
-24
Let t(r) = 18*r + 19. What is t(7)?
145
Let b(c) = -3*c + 4. Give b(2).
-2
Let n(c) = 21*c - 35. Calculate n(0).
-35
Let h(j) = -j**3 - 5*j**2 - 5*j + 5. Give h(-4).
9
Let p(b) = -b**3 + 3*b**2 + 52*b + 13. What is p(9)?
-5
Let i(p) = p**3 + p + 125. Calculate i(0).
125
Let h(n) = n**3 + 2*n**2 - 4*n + 5. Calculate h(-4).
-11
Let o(m) = -m**3 + 4*m**2 + 4*m + 1. Calculate o(3).
22
Let g(p) = 3*p**2 - 2. Determine g(2).
10
Let q(y) = 2*y**2 - 113*y + 161. What is q(55)?
-4
Let z(c) = -2*c + 79. What is z(27)?
25
Let c(w) = -w**3 - 2*w**2 + 2*w - 9. Determine c(-4).
15
Let d(l) = -l**2 + 3*l - 2. Calculate d(6).
-20
Let a(j) = 21*j + 926. Calculate a(-44).
2
Let t(x) = 11*x - 13. Give t(3).
20
Let r(q) = -2*q**2 + q + 9. Give r(3).
-6
Let m(s) = -2*s**2 + 10*s + 17. Give m(5).
17
Let i(h) = -3*h + 15. Give i(10).
-15
Let x(o) = -o**3 - 6*o**2 - 9*o. Calculate x(-4).
4
Let m(q) = -9*q + 4. What is m(3)?
-23
Let u(l) = l**2 + 11*l + 6. Determine u(-11).
6
Let x(n) = -9*n + 25. Calculate x(3).
-2
Let m(u) = u**3 - u - 12. What is m(0)?
-12
Let h(v) = 4*v**2 + 105*v + 12. Give h(-26).
-14
Let i(m) = 8*m + 147. Determine i(-30).
-93
Let d(u) = -6*u + 4. Determine d(3).
-14
Let c(s) = -s**3 + 56*s**2 - 343*s + 2. Calculate c(49).
2
Let x(u) = -3*u**2 + 64*u - 130. Give x(19).
3
Let s(z) = 6*z + 13. Calculate s(-6).
-23
Let b(r) = r**3 + r**2 - 16. Calculate b(0).
-16
Let a(x) = x**2 + 46. Calculate a(0).
46
Let g(k) = k**3 + 15*k**2 + 14*k + 5. Calculate g(-14).
5
Let b(c) = 8*c**3 - 2*c**2 - 6. Determine b(0).
-6
Let v(z) = -2*z**2 - 8*z + 84. Determine v(5).
-6
Let z(b) = b**2 + 16*b + 11. What is z(-16)?
11
Let q(i) = -2*i**3 - 3*i**2 + 39*i + 10. Calculate q(-5).
-10
Let o(m) = -m**2 - m - 14. Calculate o(10).
-124
Let p(s) = -2*s + 8. Determine p(-12).
32
Let p(s) = s**3 + 9*s**2 + 15*s + 2. What is p(-6)?
20
Let g(v) = v**2 - 9*v - 47. Give g(-4).
5
Let s(q) = 2*q - 26. Determine s(5).
-16
Let y(z) = 2*z**2 + 3*z. Give y(4).
44
Let n(b) = 2*b - 4. Determine n(23).
42
Let x(a) = -a**3 - 9*a**2 - 4*a. What is x(-8)?
-32
Let a(c) = c - 8. What is a(-6)?
-14
Let s(f) = 2*f**3 - 6*f**2 + 7*f - 3. Determine s(5).
132
Let b(f) = -f**3 - 9*f**2 + 3*f + 20. Determine b(-9).
-7
Let u(v) = -2*v**2 + 2*v - 4. Determine u(3).
-16
Let x(d) = -5*d - 10. Give x(-4).
10
Let p(c) = -c**3 + 8*c**2 + 12*c + 2. What is p(9)?
29
Let v(o) = -o**2 - 20*o - 12. What is v(-19)?
7
Let k(w) = w**3 + 10*w**2 + 9*w - 5. Determine k(-8).
51
Let x(k) = -k**3 - 24*k**2 - 26*k - 50. Determine x(-23).
19
Let c(x) = -3*x**2 + x + 3. Calculate c(-3).
-27
Let i(o) = -o**3 - 12*o**2 - 19*o + 10. Determine i(-10).
0
Let n(v) = v**3 + 2*v**2 - 2*v - 1. Calculate n(-2).
3
Let s(i) = i**3 - 14*i**2 - 30*i - 37. Give s(16).
-5
Let d(s) = -s**3 + 5*s**2 + 39*s - 19. Calculate d(9).
8
Let n(r) = -r**2 + 15*r - 53. What is n(7)?
3
Let k(z) = -z**2 - 20*z - 20. Determine k(-19).
-1
Let y(g) = -g**2 - 13*g + 465. Give y(16).
1
Let f(d) = 2*d + 26. What is f(-14)?
-2
Let p(b) = b**2 - 8*b - 16. Calculate p(13).
49
Let z(j) = -10*j**3 + j**2 - 7*j + 6. What is z(1)?
-10
Let q(l) = l**3 - 10*l**2 + 58*l - 439. Give q(9).
2
Let t(z) = -4*z - 123. Calculate t(-28).
-11
Let u(f) = -4*f + 3. Calculate u(3).
-9
Let y(u) = -2*u**2 + 12*u + 45. Give y(13).
-137
Let y(p) = p + 13. Determine y(5).
18
Let n(a) = -a + 6. Determine n(16).
-10
Let b(m) = -m**3 + 9*m**2 - 4*m - 6. Determine b(8).
26
Let q(i) = i**3 - i**2 - 32*i - 55. Determine q(-3).
5
Let d(j) = -j**3 - 5*j**2 + 2*j + 19. Give d(-6).
43
Let h(k) = k**2 + 11*k + 13. Determine h(-9).
-5
Let h(i) = 16*i**2 + i. What is h(-1)?
15
Let u(p) = 3*p**2 + 24*p + 16. Calculate u(-10).
76
Let q(y) = 40*y + 193. Give q(-5).
-7
Let q(s) = -2*s**2 - 5*s. What is q(-4)?
-12
Let s(j) = -85*j**3 - 2*j**2 + 7*j - 6. What is s(1)?
-86
Let f(n) = -n**3 + 7*n**2 - 17*n + 12. Calculate f(5).
-23
Let o(g) = -11*g + 113. Give o(9).
14
Let f(z) = -8*z + 26. Determine f(5).
-14
Let c(z) = -7*z + 35. What is c(6)?
-7
Let m(i) = -9*i + 19. Give m(-8).
91
Let y(u) = -u**2 - u + 4. Give y(-4).
-8
Let q(h) = -h**3 - 8*h**2 + 10*h + 11. Determine q(-6).
-121
Let p(i) = -i**3 + 6*i**2 + 3*i + 25. Calculate p(7).
-3
Let i(x) = 8*x - 90. Determine i(14).
22
Let c(q) = 3*q - 43. Determine c(13).
-4
Let n(b) = -2*b**2 + 19*b + 6. Give n(10).
-4
Let o(s) = 2*s**2 - 8*s + 12. Give o(2).
4
Let m(d) = 34*d - 57. What is m(2)?
11
Let z(y) = -2*y**2 - 9*y - 10. What is z(-5)?
-15
Let o(w) = 2*w**2 + 20*w + 8. What is o(-10)?
8
Let i(u) = u**3 + 8*u**2 + u - 7. Give i(-3).
35
Let a(p) = -p - 15. Give a(-17).
2
Let w(x) = x**2 - x - 38. Calculate w(-6).
4
Let o(k) = -2*k**2 + 3. Give o(-3).
-15
Let p(v) = -2*v**2 + 21*v + 14. Calculate p(11).
3
Let q(a) = -a - 28. Calculate q(-11).
-17
Let y(u) = -52*u**2 - u + 1. Give y(1).
-52
Let n(a) = -a**3 + 3*a**2 - 3. Give n(2).
1
Let j(v) = -6*v + 53. Determine j(8).
5
Let q(m) = m**3 + 12*m**2 - 11*m + 6. Calculate q(-13).
-20
Let g(j) = -2*j + 3. Determine g(-5).
13
Let u(o) = 4*o**2 - 4*o - 3. Determine u(-4).
77
Let b(k) = -k + 17. Determine b(27).
-10
Let x(m) = m**3 + 24*m**2 - 4. What is x(-24)?
-4
Let k(r) = -2*r**2 - 18*r + 17. What is k(-9)?
17
Let c(l) = -l**3 + 30*l**2 - l - 6. What is c(30)?
-36
Let s(d) = d**3 - 50*d -